me factors of h?
5
Let x(g) = 2*g**2 + g - 9*g**3 - 6 + 4 - 16*g**3 + 29*g**3. List the prime factors of x(2).
2, 5
Suppose 0 = -2*g - 36 + 132. What are the prime factors of g?
2, 3
Suppose 0 = 4*g + o - 6*o - 875, 2*g + o = 441. List the prime factors of g.
2, 5, 11
Let v(p) = -6*p - p**3 - 5 - 2 + 1 - 3*p**2 + 2*p**3. List the prime factors of v(5).
2, 7
Suppose 0*a - 3*a = -15, -12 = v - 3*a. Suppose 3*f = 3*l + 12, 0 = -v*f + 8*f + 5*l + 20. Suppose f*d = 4*d - 16. What are the prime factors of d?
2
Let k(l) be the third derivative of l**6/120 - l**5/10 + 7*l**4/24 - 5*l**3/6 + 4*l**2. What are the prime factors of k(6)?
37
Let b = 1 + -10. Let w(d) = d**2 + 5*d - 13. List the prime factors of w(b).
23
Let b be (-5 + 3)/((-2)/(-14)). Let f = -5 - b. List the prime factors of f.
3
Suppose -33 = 4*c + 3. Let a be 1038/54 - (-2)/c. Let y = a + -11. What are the prime factors of y?
2
Let z(j) = j**2 - 6*j + 5. Let i be z(6). Suppose -x - i = 4*x. Let f = 5 + x. What are the prime factors of f?
2
Let f(y) = -25*y**3 + y**2 - 5*y - 7. What are the prime factors of f(-2)?
3, 23
Suppose 0 = 2*o + 3*f - 102, -f - 102 = -2*o + f. List the prime factors of o.
3, 17
Let x(d) = -d**2 + 12*d - 14. Let p be x(11). Let t = -7 - -17. What are the prime factors of p/(17/t - 2)?
2, 5
Let x(n) = -3*n + 1. Suppose 10 + 20 = -4*c - 2*a, -10 = c + 3*a. Let w be x(c). Let t = 39 - w. What are the prime factors of t?
17
Suppose -17 = -3*i - 5, 2*z - 4*i = 22. List the prime factors of z.
19
Let l = -21 + 20. Suppose 0 = -7*c + 2*c - 20. List the prime factors of (-140)/21*(c - l).
2, 5
Let a = -33 - -79. What are the prime factors of a?
2, 23
Suppose 3*c - 28 = 5*g, 2*g - 3*g = 5. Let q(v) = 16*v - 1. What are the prime factors of q(c)?
3, 5
Let p = -2 - -2. Suppose p = -c + 2. Suppose -2 = -c*b + 6. List the prime factors of b.
2
Let i be (5 - 2) + (-2 - 0). Let a = i + -3. What are the prime factors of 86/8 + a/(-8)?
11
Let i(r) = 3 + 14*r - 12*r - 9*r + 2*r**2. What are the prime factors of i(7)?
2, 13
Let p(i) = -6*i + 4 - 6*i + 15*i + 10*i. List the prime factors of p(2).
2, 3, 5
Let f(b) = -5*b - 3. Let g(y) = y**3 + y**2 + 5. Let s be g(0). Suppose 0 = 4*n - s*i + 30 - 3, -2*n = 4*i - 6. List the prime factors of f(n).
2, 3
Suppose -25 = -5*g - j, 20 = 4*g + 6*j - 4*j. Suppose -3*p = -g*v - 35 - 53, 5*p - 120 = -5*v. What are the prime factors of p?
2, 13
Suppose -p + 4 = -1. Suppose -2*r = 2*x - p - 3, 5*r - 40 = -x. List the prime factors of r.
3
What are the prime factors of (10/3 + -3)*111?
37
Suppose -5*p = 20, 3*p = 3*m + 5*p - 58. What are the prime factors of m?
2, 11
Suppose j + 2*j = -5*t + 301, 5*t = j - 107. What are the prime factors of j?
2, 3, 17
Let z = 31 + -46. What are the prime factors of (-4)/(-6) + (-20)/z?
2
Suppose 2*l - 8 = 36. Let k(g) = -g**2 - 12*g - 13. Let z be k(-9). Let m = l - z. What are the prime factors of m?
2
Suppose 0 = -5*m - 2*m + 1442. What are the prime factors of m?
2, 103
Suppose -c - 11 = 2*s, 0*s + 2*s + 6 = -2*c. What are the prime factors of ((2 - 3) + s)*-1?
3
Suppose 0 = o + o - 58. What are the prime factors of o?
29
Suppose 1 = i - 0*h - 2*h, -h + 1 = 0. Let m = i - 0. List the prime factors of m.
3
Let m be (-21)/(2/(32/(-6))). What are the prime factors of m/(-12)*(-6)/4?
7
Suppose -2*z - 35 = -117. List the prime factors of z.
41
Let q = 196 - 79. What are the prime factors of (-3 - (-40)/12)*q?
3, 13
Let s = 0 + 293. List the prime factors of s.
293
Suppose -2*k = -4*c + c + 7, -5*k + 17 = 4*c. List the prime factors of c.
3
Suppose -u = -z + 3*u + 229, -5*z - 5*u + 1170 = 0. Suppose 0*i - z = -5*i - 4*r, 4*i - 4*r = 208. What are the prime factors of i?
7
Suppose -16*g = -13*g - 12. What are the prime factors of (-1)/((-117)/29 + g)?
29
Let q be (3 - 1)*2/2. Suppose 0 = n - q - 1. Suppose 5*j = -3*c + 33 - 3, -40 = -4*c + n*j. What are the prime factors of c?
2, 5
Suppose r = -3*r. Suppose r = -q + 3. Suppose -2*j = 4*o - 38, -3*o = -q*j - j - 23. List the prime factors of o.
3
Suppose 4*n = n + 3*x + 204, 4*x = -3*n + 218. What are the prime factors of n?
2, 5, 7
Suppose -39 - 81 = -6*c. List the prime factors of c.
2, 5
Let o be 2 + 5 + (4 - 5). Suppose o*t = 2*t + 12. Suppose 0*f + 33 = t*f. What are the prime factors of f?
11
Let i = -82 - -162. Let l = i - 47. What are the prime factors of l?
3, 11
What are the prime factors of 542/16 + 5/40?
2, 17
List the prime factors of 9/(-36) - (-33)/4.
2
Let r(z) = z**3 + 5*z**2 - 7*z - 2. Let l be r(-7). Let o = 74 + l. What are the prime factors of o?
23
Let d = 0 - -2. Suppose 3*j = j + i - 9, -d*i = -3*j - 13. List the prime factors of j*(-1 + (-2)/(-5)).
3
What are the prime factors of ((-2)/(-3))/((-13)/(-234))?
2, 3
Let l = -1 + -1. Let k be (l/2)/((-2)/62). Let b = k + -13. What are the prime factors of b?
2, 3
Suppose g = -s + 28, 2*g + 118 = 5*s - s. Let c = -15 + 26. Let o = s - c. List the prime factors of o.
2, 3
Let z = 18 - -32. List the prime factors of z.
2, 5
Suppose 0 = 4*h - 2*t - 244, -63 = -2*h + h + t. What are the prime factors of h?
59
Suppose -3*d + 4*i - i - 9 = 0, i = -2*d + 9. Suppose -k + 3 = -b + 4*b, 2*b = k + d. Let z = 4 + k. List the prime factors of z.
2
Let a(n) = -n + 33. List the prime factors of a(-8).
41
Suppose -3*f - 4*t = 114 - 379, 170 = 2*f + t. List the prime factors of f.
83
Suppose 32 = 2*c - v, -c - 4*c = 5*v - 110. List the prime factors of c.
2, 3
Let x = 96 + -55. What are the prime factors of x?
41
Let r = 6 - -1. List the prime factors of r.
7
Let x be ((-42)/10)/(1/(-5)). Suppose -x - 75 = -3*g. Suppose 4*i - 2*i = g. What are the prime factors of i?
2
Suppose -4*d - 2 = -38. Let a(l) = l**2 - 6*l - 13. List the prime factors of a(d).
2, 7
Suppose v + 3*d = -13, 0 = d + 1 + 2. Let l(c) = -2*c**3 - 6*c**2 + c + 5. List the prime factors of l(v).
3, 11
Let h = -6 + 10. Suppose -h*k = -5*v - 4, 2*k - 4 + 2 = -5*v. Suppose v*x - 3*x + 18 = 0. List the prime factors of x.
2, 3
Let l be 1/2 - 23/(-2). Let c = 13 - -5. Let o = c - l. List the prime factors of o.
2, 3
Suppose 0*q = -5*q - 15. Let w = -2 - q. Let x = 11 + w. What are the prime factors of x?
2, 3
Let j be 0/(0 + -2) - 1. Let q be 1 - (2 + 0 - j). List the prime factors of -1 + 3 + q + 3.
3
Suppose 0 = -5*g - 2*g + 686. List the prime factors of g.
2, 7
Suppose 5*s = 46 - 16. Let n = -3 + s. Suppose 5*h = y + 5, n*y + h = 7*y - 18. What are the prime factors of y?
5
Suppose 12*r - 6*r = 78. List the prime factors of r.
13
Let o = -2 - 0. Let u be (-18)/14 + o/(-7). Let b = u + 9. What are the prime factors of b?
2
Let s = 5 + -2. Let o(k) = s*k - 3 - k**2 + k**3 - 2*k + 5*k**2. What are the prime factors of o(-3)?
3
Let h = -5 + 3. Suppose 0*i + 4*i = -16. Let n = h - i. List the prime factors of n.
2
Let l = 3 + 3. Let c = 22 - l. List the prime factors of c.
2
Let m = -11 + 4. Let b(x) = -2*x + 1. List the prime factors of b(m).
3, 5
Let f(v) = -28*v**3 - v**2 + v + 1. List the prime factors of f(-1).
3
Suppose 0*t - 5*w - 25 = t, -3*w - 15 = 0. Let f = t - 10. What are the prime factors of 12/f*120/(-9)?
2
Let c = 80 - 48. What are the prime factors of c?
2
Let c(t) = -t**2 + 10*t + 2. What are the prime factors of c(5)?
3
Let q = -19 + 75. List the prime factors of q.
2, 7
Let t = 108 - 57. What are the prime factors of t?
3, 17
Let x(a) = -a + 1. Let k be x(-4). Suppose 2*l + k*j = 58, j + 27 = l + 4*j. List the prime factors of l.
3, 13
Let c(g) = g**3 + 5*g**2 + 5. Let a be c(-5). Suppose -a*p - 13 = -v, -v + 5*v = -4*p + 52. What are the prime factors of v?
13
Suppose 6*x + 3*p - 223 = 2*x, 0 = -5*x + 5*p + 270. Let n be (-10)/x + 114/22. Suppose -3*z - 67 = -n*a, 5*a - 68 = 4*z + 3. What are the prime factors of a?
11
What are the prime factors of (-4)/22 + (-7682)/(-88)*4?
349
Let i(b) = 6*b + 14. List the prime factors of i(11).
2, 5
Let u(j) = j**2 + 3. Suppose -2*r - 5*h + 16 = 1, -9 = -3*h. Let x be u(r). Suppose x*q - 70 = 5*c, 0 = c + c + 10. List the prime factors of q.
3, 5
Let p(w) = w**3 + w**2 - w. Let o(j) = -3*j**3 + 2*j**2 + 5*j + 3. Let t(v) = -o(v) - 4*p(v). What are the prime factors of t(-6)?
3
List the prime factors of (-5)/(-5) + -1 + 75.
3, 5
Let i(v) = -v**2 + 10*v - 10. Let n(k) = -k**3 - 4*k**2 - 3*k + 3.